{"id":7552,"date":"2017-05-29T09:00:54","date_gmt":"2017-05-29T09:00:54","guid":{"rendered":"https:\/\/www.maisonboulvern.com\/?page_id=7552"},"modified":"2026-04-29T21:34:41","modified_gmt":"2026-04-29T19:34:41","slug":"over-ons","status":"publish","type":"page","link":"https:\/\/www.maisonboulvern.com\/index.php\/nl\/over-ons\/","title":{"rendered":"Over Maison Boulvern"},"content":{"rendered":"\n<h2 class=\"wp-block-heading\"><strong>Kom samen met ons de charme van ons gastenverblijf beleven<\/strong><\/h2>\n\n\n\n<p>Maison Boulvern is een evenwichtige mix van authenticiteit en moderniteit. Een plek waar prachtig bewaarde natuur en de levendige cultuur van Bretagne samenkomen. Josje ontvangt u er met eenvoud en warmte, samen met haar man Luc, hun tweeling Arthur en Tristan, en hun katten Marley en Sting.<\/p>\n\n\n\n<p>Midden op een domein van anderhalve hectare biedt ons gastenverblijf drie lichte, elegante en comfortabele kamers, in een omgeving van rust en stilte. Elke kamer kijkt uit op het kalmerende landschap van de vlakte van Porzay.<\/p>\n\n\n\n<p>Onze salon, die aansluit op de eetkamer, biedt plaats aan maximaal acht gasten voor een moment van lezen, een maaltijd, een gesprek of een werkbijeenkomst. In de winter zorgt de open haard voor een warme sfeer. Wij serveren er een royaal ontbijt met brood van de beste bakkerijen uit de streek, aangevuld met lokale en zoveel mogelijk biologische producten. En als u dat wenst, kunt u ook aanschuiven aan onze table d\u2019h\u00f4tes voor het diner. Josje bereidt als ervaren hobbykok originele gerechten met verse, lokale en biologische ingredi\u00ebnten.<\/p>\n\n\n\n<p>Maison Boulvern is wat men in de streek een&nbsp;<em>maison patate<\/em>&nbsp;noemt. Het huis werd in 1956 gebouwd door een teler van pootaardappelen. Na de Tweede Wereldoorlog maakten veel landbouwers gebruik van de kwaliteit van de grond en het Bretonse klimaat om aardappelen voor heraanplant te telen, wat in Bretagne tot mooie landbouwsuccessen heeft geleid.<\/p>\n\n\n\n<p>De architect heeft veel aandacht besteed aan een statige uitstraling in manoir-stijl, zonder de praktische kanten van het dagelijks leven uit het oog te verliezen. Zo is de eetkamer rechtstreeks toegankelijk vanuit de tuin, zodat werknemers naar binnen konden zonder de rest van het huis vuil te maken met hun modderige klompen. Ook de servieskast is aan de gangzijde open, zodat de kokkin niet onnodig door de eetkamer hoefde te lopen.<\/p>\n\n\n\n<p>Het meer voorname karakter van een groot huis komt terug in de gevel met zichtbare natuursteen, in de salon met houten sierlijsten en in de haard met een duidelijk Art Deco-karakter. Ook de brede trap draagt bij aan het gevoel van ruimte en allure dat Maison Boulvern zo bijzonder maakt.<\/p>\n\n\n\n<h4 class=\"wp-block-heading\">Voor meer informatie :<\/h4>\n\n\n\n<p> <a href=\"https:\/\/my.styqr.fr\/s\/maisonboulvern\" type=\"link\" id=\"https:\/\/my.styqr.fr\/s\/maisonboulvern\">Welkom bookje<\/a><\/p>\n\n\n\n<p><strong>Reserveringen: +33 (0)2 98 50 46 25<\/strong><\/p>\n\n\n\n<p><\/p>\n","protected":false},"excerpt":{"rendered":"<p>Ontdek het verhaal, de sfeer en de gastvrije ontvangst van Maison Boulvern, een charmante bed and breakfast in Plomodiern, in het hart van Finist\u00e8re.<\/p>\n","protected":false},"author":1,"featured_media":432,"parent":0,"menu_order":0,"comment_status":"closed","ping_status":"closed","template":"","meta":{"jetpack_post_was_ever_published":false,"footnotes":""},"class_list":["post-7552","page","type-page","status-publish","has-post-thumbnail","hentry"],"yoast_head":"<!-- This site is optimized with the Yoast SEO plugin v27.5 - https:\/\/yoast.com\/product\/yoast-seo-wordpress\/ -->\n<title>Over Maison Boulvern | Bed and Breakfast in Plomodiern<\/title>\n<meta name=\"description\" content=\"Ontdek Maison Boulvern, een charmante bed and breakfast in Plomodiern: een elegante woning, een warm onthaal en een ideale uitvalsbasis om Finist\u00e8re te verkennen.\" \/>\n<meta name=\"robots\" content=\"index, follow, max-snippet:-1, max-image-preview:large, max-video-preview:-1\" \/>\n<link rel=\"canonical\" href=\"https:\/\/www.maisonboulvern.com\/index.php\/nl\/over-ons\/\" \/>\n<meta property=\"og:locale\" content=\"fr_FR\" \/>\n<meta property=\"og:type\" content=\"article\" \/>\n<meta property=\"og:title\" content=\"Over Maison Boulvern | Bed and Breakfast in Plomodiern\" \/>\n<meta property=\"og:description\" content=\"Ontdek Maison Boulvern, een charmante bed and breakfast in Plomodiern: een elegante woning, een warm onthaal en een ideale uitvalsbasis om Finist\u00e8re te verkennen.\" \/>\n<meta property=\"og:url\" content=\"https:\/\/www.maisonboulvern.com\/index.php\/nl\/over-ons\/\" \/>\n<meta property=\"og:site_name\" content=\"Maison Boulvern\" \/>\n<meta property=\"article:publisher\" content=\"https:\/\/www.facebook.com\/maisonboulvern\" \/>\n<meta property=\"article:modified_time\" content=\"2026-04-29T19:34:41+00:00\" \/>\n<meta property=\"og:image\" content=\"https:\/\/www.maisonboulvern.com\/wp-content\/uploads\/2018\/07\/Fronthouse2_2000x1065.jpg\" \/>\n\t<meta property=\"og:image:width\" content=\"2000\" \/>\n\t<meta property=\"og:image:height\" content=\"1065\" \/>\n\t<meta property=\"og:image:type\" content=\"image\/jpeg\" \/>\n<meta name=\"twitter:card\" content=\"summary_large_image\" \/>\n<meta name=\"twitter:label1\" content=\"Dur\u00e9e de lecture estim\u00e9e\" \/>\n\t<meta name=\"twitter:data1\" content=\"3 minutes\" \/>\n<script type=\"application\/ld+json\" class=\"yoast-schema-graph\">{\"@context\":\"https:\\\/\\\/schema.org\",\"@graph\":[{\"@type\":\"WebPage\",\"@id\":\"https:\\\/\\\/www.maisonboulvern.com\\\/index.php\\\/nl\\\/over-ons\\\/\",\"url\":\"https:\\\/\\\/www.maisonboulvern.com\\\/index.php\\\/nl\\\/over-ons\\\/\",\"name\":\"Over Maison Boulvern | Bed and Breakfast in Plomodiern\",\"isPartOf\":{\"@id\":\"https:\\\/\\\/www.maisonboulvern.com\\\/#website\"},\"primaryImageOfPage\":{\"@id\":\"https:\\\/\\\/www.maisonboulvern.com\\\/index.php\\\/nl\\\/over-ons\\\/#primaryimage\"},\"image\":{\"@id\":\"https:\\\/\\\/www.maisonboulvern.com\\\/index.php\\\/nl\\\/over-ons\\\/#primaryimage\"},\"thumbnailUrl\":\"https:\\\/\\\/i0.wp.com\\\/www.maisonboulvern.com\\\/wp-content\\\/uploads\\\/2018\\\/07\\\/Fronthouse2_2000x1065.jpg?fit=2000%2C1065&ssl=1\",\"datePublished\":\"2017-05-29T09:00:54+00:00\",\"dateModified\":\"2026-04-29T19:34:41+00:00\",\"description\":\"Ontdek Maison Boulvern, een charmante bed and breakfast in Plomodiern: een elegante woning, een warm onthaal en een ideale uitvalsbasis om Finist\u00e8re te verkennen.\",\"breadcrumb\":{\"@id\":\"https:\\\/\\\/www.maisonboulvern.com\\\/index.php\\\/nl\\\/over-ons\\\/#breadcrumb\"},\"inLanguage\":\"fr-FR\",\"potentialAction\":[{\"@type\":\"ReadAction\",\"target\":[\"https:\\\/\\\/www.maisonboulvern.com\\\/index.php\\\/nl\\\/over-ons\\\/\"]}]},{\"@type\":\"ImageObject\",\"inLanguage\":\"fr-FR\",\"@id\":\"https:\\\/\\\/www.maisonboulvern.com\\\/index.php\\\/nl\\\/over-ons\\\/#primaryimage\",\"url\":\"https:\\\/\\\/i0.wp.com\\\/www.maisonboulvern.com\\\/wp-content\\\/uploads\\\/2018\\\/07\\\/Fronthouse2_2000x1065.jpg?fit=2000%2C1065&ssl=1\",\"contentUrl\":\"https:\\\/\\\/i0.wp.com\\\/www.maisonboulvern.com\\\/wp-content\\\/uploads\\\/2018\\\/07\\\/Fronthouse2_2000x1065.jpg?fit=2000%2C1065&ssl=1\",\"width\":2000,\"height\":1065},{\"@type\":\"BreadcrumbList\",\"@id\":\"https:\\\/\\\/www.maisonboulvern.com\\\/index.php\\\/nl\\\/over-ons\\\/#breadcrumb\",\"itemListElement\":[{\"@type\":\"ListItem\",\"position\":1,\"name\":\"Accueil\",\"item\":\"https:\\\/\\\/www.maisonboulvern.com\\\/index.php\\\/fr\\\/\"},{\"@type\":\"ListItem\",\"position\":2,\"name\":\"Over Maison Boulvern\"}]},{\"@type\":\"WebSite\",\"@id\":\"https:\\\/\\\/www.maisonboulvern.com\\\/#website\",\"url\":\"https:\\\/\\\/www.maisonboulvern.com\\\/\",\"name\":\"Maison Boulvern\",\"description\":\"Votre maison d&#039;h\u00f4tes de charme au c\u0153ur du Finist\u00e8re\",\"publisher\":{\"@id\":\"https:\\\/\\\/www.maisonboulvern.com\\\/#organization\"},\"alternateName\":\"Boulvern\",\"potentialAction\":[{\"@type\":\"SearchAction\",\"target\":{\"@type\":\"EntryPoint\",\"urlTemplate\":\"https:\\\/\\\/www.maisonboulvern.com\\\/?s={search_term_string}\"},\"query-input\":{\"@type\":\"PropertyValueSpecification\",\"valueRequired\":true,\"valueName\":\"search_term_string\"}}],\"inLanguage\":\"fr-FR\"},{\"@type\":\"Organization\",\"@id\":\"https:\\\/\\\/www.maisonboulvern.com\\\/#organization\",\"name\":\"Maison Boulvern\",\"alternateName\":\"MB\",\"url\":\"https:\\\/\\\/www.maisonboulvern.com\\\/\",\"logo\":{\"@type\":\"ImageObject\",\"inLanguage\":\"fr-FR\",\"@id\":\"https:\\\/\\\/www.maisonboulvern.com\\\/#\\\/schema\\\/logo\\\/image\\\/\",\"url\":\"https:\\\/\\\/i0.wp.com\\\/www.maisonboulvern.com\\\/wp-content\\\/uploads\\\/2020\\\/06\\\/Icone_512x512.jpg?fit=2135%2C2135&ssl=1\",\"contentUrl\":\"https:\\\/\\\/i0.wp.com\\\/www.maisonboulvern.com\\\/wp-content\\\/uploads\\\/2020\\\/06\\\/Icone_512x512.jpg?fit=2135%2C2135&ssl=1\",\"width\":2135,\"height\":2135,\"caption\":\"Maison Boulvern\"},\"image\":{\"@id\":\"https:\\\/\\\/www.maisonboulvern.com\\\/#\\\/schema\\\/logo\\\/image\\\/\"},\"sameAs\":[\"https:\\\/\\\/www.facebook.com\\\/maisonboulvern\",\"https:\\\/\\\/www.instagram.com\\\/maison_boulvern\"]}]}<\/script>\n<!-- \/ Yoast SEO plugin. -->","yoast_head_json":{"title":"Over Maison Boulvern | Bed and Breakfast in Plomodiern","description":"Ontdek Maison Boulvern, een charmante bed and breakfast in Plomodiern: een elegante woning, een warm onthaal en een ideale uitvalsbasis om Finist\u00e8re te verkennen.","robots":{"index":"index","follow":"follow","max-snippet":"max-snippet:-1","max-image-preview":"max-image-preview:large","max-video-preview":"max-video-preview:-1"},"canonical":"https:\/\/www.maisonboulvern.com\/index.php\/nl\/over-ons\/","og_locale":"fr_FR","og_type":"article","og_title":"Over Maison Boulvern | Bed and Breakfast in Plomodiern","og_description":"Ontdek Maison Boulvern, een charmante bed and breakfast in Plomodiern: een elegante woning, een warm onthaal en een ideale uitvalsbasis om Finist\u00e8re te verkennen.","og_url":"https:\/\/www.maisonboulvern.com\/index.php\/nl\/over-ons\/","og_site_name":"Maison Boulvern","article_publisher":"https:\/\/www.facebook.com\/maisonboulvern","article_modified_time":"2026-04-29T19:34:41+00:00","og_image":[{"width":2000,"height":1065,"url":"https:\/\/www.maisonboulvern.com\/wp-content\/uploads\/2018\/07\/Fronthouse2_2000x1065.jpg","type":"image\/jpeg"}],"twitter_card":"summary_large_image","twitter_misc":{"Dur\u00e9e de lecture estim\u00e9e":"3 minutes"},"schema":{"@context":"https:\/\/schema.org","@graph":[{"@type":"WebPage","@id":"https:\/\/www.maisonboulvern.com\/index.php\/nl\/over-ons\/","url":"https:\/\/www.maisonboulvern.com\/index.php\/nl\/over-ons\/","name":"Over Maison Boulvern | Bed and Breakfast in Plomodiern","isPartOf":{"@id":"https:\/\/www.maisonboulvern.com\/#website"},"primaryImageOfPage":{"@id":"https:\/\/www.maisonboulvern.com\/index.php\/nl\/over-ons\/#primaryimage"},"image":{"@id":"https:\/\/www.maisonboulvern.com\/index.php\/nl\/over-ons\/#primaryimage"},"thumbnailUrl":"https:\/\/i0.wp.com\/www.maisonboulvern.com\/wp-content\/uploads\/2018\/07\/Fronthouse2_2000x1065.jpg?fit=2000%2C1065&ssl=1","datePublished":"2017-05-29T09:00:54+00:00","dateModified":"2026-04-29T19:34:41+00:00","description":"Ontdek Maison Boulvern, een charmante bed and breakfast in Plomodiern: een elegante woning, een warm onthaal en een ideale uitvalsbasis om Finist\u00e8re te verkennen.","breadcrumb":{"@id":"https:\/\/www.maisonboulvern.com\/index.php\/nl\/over-ons\/#breadcrumb"},"inLanguage":"fr-FR","potentialAction":[{"@type":"ReadAction","target":["https:\/\/www.maisonboulvern.com\/index.php\/nl\/over-ons\/"]}]},{"@type":"ImageObject","inLanguage":"fr-FR","@id":"https:\/\/www.maisonboulvern.com\/index.php\/nl\/over-ons\/#primaryimage","url":"https:\/\/i0.wp.com\/www.maisonboulvern.com\/wp-content\/uploads\/2018\/07\/Fronthouse2_2000x1065.jpg?fit=2000%2C1065&ssl=1","contentUrl":"https:\/\/i0.wp.com\/www.maisonboulvern.com\/wp-content\/uploads\/2018\/07\/Fronthouse2_2000x1065.jpg?fit=2000%2C1065&ssl=1","width":2000,"height":1065},{"@type":"BreadcrumbList","@id":"https:\/\/www.maisonboulvern.com\/index.php\/nl\/over-ons\/#breadcrumb","itemListElement":[{"@type":"ListItem","position":1,"name":"Accueil","item":"https:\/\/www.maisonboulvern.com\/index.php\/fr\/"},{"@type":"ListItem","position":2,"name":"Over Maison Boulvern"}]},{"@type":"WebSite","@id":"https:\/\/www.maisonboulvern.com\/#website","url":"https:\/\/www.maisonboulvern.com\/","name":"Maison Boulvern","description":"Votre maison d&#039;h\u00f4tes de charme au c\u0153ur du Finist\u00e8re","publisher":{"@id":"https:\/\/www.maisonboulvern.com\/#organization"},"alternateName":"Boulvern","potentialAction":[{"@type":"SearchAction","target":{"@type":"EntryPoint","urlTemplate":"https:\/\/www.maisonboulvern.com\/?s={search_term_string}"},"query-input":{"@type":"PropertyValueSpecification","valueRequired":true,"valueName":"search_term_string"}}],"inLanguage":"fr-FR"},{"@type":"Organization","@id":"https:\/\/www.maisonboulvern.com\/#organization","name":"Maison Boulvern","alternateName":"MB","url":"https:\/\/www.maisonboulvern.com\/","logo":{"@type":"ImageObject","inLanguage":"fr-FR","@id":"https:\/\/www.maisonboulvern.com\/#\/schema\/logo\/image\/","url":"https:\/\/i0.wp.com\/www.maisonboulvern.com\/wp-content\/uploads\/2020\/06\/Icone_512x512.jpg?fit=2135%2C2135&ssl=1","contentUrl":"https:\/\/i0.wp.com\/www.maisonboulvern.com\/wp-content\/uploads\/2020\/06\/Icone_512x512.jpg?fit=2135%2C2135&ssl=1","width":2135,"height":2135,"caption":"Maison Boulvern"},"image":{"@id":"https:\/\/www.maisonboulvern.com\/#\/schema\/logo\/image\/"},"sameAs":["https:\/\/www.facebook.com\/maisonboulvern","https:\/\/www.instagram.com\/maison_boulvern"]}]}},"jetpack_sharing_enabled":true,"jetpack_shortlink":"https:\/\/wp.me\/Pa8bKW-1XO","jetpack-related-posts":[],"_links":{"self":[{"href":"https:\/\/www.maisonboulvern.com\/index.php\/wp-json\/wp\/v2\/pages\/7552","targetHints":{"allow":["GET"]}}],"collection":[{"href":"https:\/\/www.maisonboulvern.com\/index.php\/wp-json\/wp\/v2\/pages"}],"about":[{"href":"https:\/\/www.maisonboulvern.com\/index.php\/wp-json\/wp\/v2\/types\/page"}],"author":[{"embeddable":true,"href":"https:\/\/www.maisonboulvern.com\/index.php\/wp-json\/wp\/v2\/users\/1"}],"replies":[{"embeddable":true,"href":"https:\/\/www.maisonboulvern.com\/index.php\/wp-json\/wp\/v2\/comments?post=7552"}],"version-history":[{"count":1,"href":"https:\/\/www.maisonboulvern.com\/index.php\/wp-json\/wp\/v2\/pages\/7552\/revisions"}],"predecessor-version":[{"id":7553,"href":"https:\/\/www.maisonboulvern.com\/index.php\/wp-json\/wp\/v2\/pages\/7552\/revisions\/7553"}],"wp:featuredmedia":[{"embeddable":true,"href":"https:\/\/www.maisonboulvern.com\/index.php\/wp-json\/wp\/v2\/media\/432"}],"wp:attachment":[{"href":"https:\/\/www.maisonboulvern.com\/index.php\/wp-json\/wp\/v2\/media?parent=7552"}],"curies":[{"name":"wp","href":"https:\/\/api.w.org\/{rel}","templated":true}]}}