{"id":799,"date":"2019-05-09T14:22:33","date_gmt":"2019-05-09T12:22:33","guid":{"rendered":"http:\/\/maisonboulvern.com\/?page_id=799"},"modified":"2019-05-10T15:22:11","modified_gmt":"2019-05-10T13:22:11","slug":"sport-en-trips","status":"publish","type":"page","link":"https:\/\/www.maisonboulvern.com\/index.php\/nl\/welkom-bij-maison-boulvern\/activiteiten\/sport-en-trips\/","title":{"rendered":"Sport en trips"},"content":{"rendered":"\n<p>Bretagne biedt met haar weer en kust de perfecte omstandigheden voor wandelen, fietsen en watersporten.&nbsp;<\/p>\n\n\n\n<p><strong>RONDOM HET WATER<\/strong><\/p>\n\n\n\n<ul class=\"wp-block-list\"><li>GR34 | diverse afstanden<\/li><\/ul>\n\n\n\n<p>Wandelen is bij uitstek de manier om Bretagne te ervaren. Met haar 1800 kilometer volgt het Douanepad, oftewel, de GR34 de Normandische en Bretonse kust. Vanaf de Mont St Michel tot aan St Nazaire.<\/p>\n\n\n\n<ul class=\"wp-block-list\"><li>Tour de Manche en de Velodyssee | diverse afstanden<\/li><\/ul>\n\n\n\n<p>Deze fietsroutes zijn de meest bekende van Bretagne en samen goed voor 1500 kilometer aan fietspaden.<\/p>\n\n\n\n<p>Het Bretonse deel van Tour de Manche loopt van de Mont St Michel tot aan Roscoff. Het voordeel van deze route is dat deze veilig en rustig is. Onderweg kom&nbsp;&nbsp;je veel verschillende landschappen tegen.<\/p>\n\n\n\n<p>De Velodyssee gaat van Roscoff verder naar Nantes via Morlaix en vervolgens door de Monts d\u2019Arree.<\/p>\n\n\n\n<ul class=\"wp-block-list\"><li><em>Fietsen langs de l\u2019Aulne&nbsp;<\/em>| startpunt 10 mins<\/li><\/ul>\n\n\n\n<p>Volg de l\u2019Aulne vanaf Chateaulin en kom langs het pittoreske Faou. Ontdek de overblijfselen van de abdij van Land\u00e9v\u00e9nec, de prachtige brug van T\u00e9r\u00e9nez, historische dorpjes in de Argol, Tregarvan en Dineault en stop in Port Launey waar het kanaal Nantes-Brest eindigt. Download&nbsp;<a href=\"http:\/\/www.pnr-armorique.fr\/content\/...\/file\/route-Aulne-maritime.pdf\">hier<\/a>de pdf met meer informatie.<\/p>\n\n\n\n<p>Natuurlijk zijn er nog meer veilige en mooie fietsroutes te vinden. Kijk&nbsp;<a href=\"http:\/\/www.bretagne-vakantie.bzh\/ideeen-opdoen\/op-basis-van-mijn-vervoermiddel\/10-goede-ideeen-voor-fietstochten-in-bretagne\">hier<\/a>voor alle routes.<\/p>\n\n\n\n<ul class=\"wp-block-list\"><li>Strandzeilen | 10 minuten<\/li><\/ul>\n\n\n\n<p>Op de stranden van Saint Anne-la-Palud en Pentrez kun je prima het strandzeilen leren ontdekken. Je kunt een introductie doen of een cursus van meerdere dagen. Kijk voor het boeken van een cursus of voor meer informatie op&nbsp;&nbsp;<a href=\"http:\/\/www.charavoile29.com\/\">www.charavoile29.com<\/a>en op&nbsp;<a href=\"http:\/\/www.charavoilepentrez.fr\/\">http:\/\/www.charavoilepentrez.fr<\/a>.&nbsp;<\/p>\n\n\n\n<p><strong>OP HET WATER<\/strong><\/p>\n\n\n\n<ul class=\"wp-block-list\"><li>Watersport | 25 mins<\/li><\/ul>\n\n\n\n<p>Het strand van Kervel vlakbij Douarnenez is bij uitstek de plek om te surfen, paddlen, kayaken of bodyboarden.&nbsp;&nbsp;Afhankelijk van jouw niveau kun je materiaal huren of een cursus volgen.&nbsp;<a href=\"https:\/\/www.naturabay-hd.com\/\">https:\/\/www.naturabay-hd.com<\/a>.<\/p>\n\n\n\n<ul class=\"wp-block-list\"><li>Kayaken | 10 mins<\/li><\/ul>\n\n\n\n<p>Prefereer je de rivier boven de kust dan kun je ook kayaken vanuit Chateaulin via de l\u2019Aulne naar het kanaal van Nantes-Brest. Let op, de kans is aanwezig dat je zalmen tegen komt. Kijk voor meer informatie op:&nbsp;Aulne Cano\u00eb Kayak \u00e0 Ch\u00e2teaulin<\/p>\n\n\n\n<p><strong>IN DE LUCHT<\/strong><\/p>\n\n\n\n<ul class=\"wp-block-list\"><li>Paragliden | 15 mins<\/li><\/ul>\n\n\n\n<p>Eenmalig of een cursus paragliden doen? Dat kan! Vanaf de Menez-Hom bijvoorbeeld. De hoogste berg in Bretagne. Niet alleen krijg je er een mooie ervaring bij door geruisloos door de lucht te bewegen, maar ook kun je vanuit de lucht de omgeving zien.<\/p>\n\n\n\n<p>Voor meer informatie of boekingen:&nbsp;<a href=\"https:\/\/vol-libre-menez-hom.com\/\">https:\/\/vol-libre-menez-hom.com<\/a>.&nbsp;<\/p>\n","protected":false},"excerpt":{"rendered":"<p>Bretagne biedt met haar weer en kust de perfecte omstandigheden voor wandelen, fietsen en watersporten.&nbsp; RONDOM HET WATER GR34 | diverse afstanden Wandelen is bij uitstek de manier om Bretagne te ervaren. Met haar 1800 kilometer volgt het Douanepad, oftewel, de GR34 de Normandische en Bretonse kust. Vanaf de Mont St Michel tot aan St &hellip; <a href=\"https:\/\/www.maisonboulvern.com\/index.php\/nl\/welkom-bij-maison-boulvern\/activiteiten\/sport-en-trips\/\" class=\"more-link\">Continue reading<span class=\"screen-reader-text\"> \u00ab\u00a0Sport en trips\u00a0\u00bb<\/span><\/a><\/p>\n","protected":false},"author":1,"featured_media":474,"parent":784,"menu_order":0,"comment_status":"closed","ping_status":"closed","template":"","meta":{"footnotes":""},"class_list":["post-799","page","type-page","status-publish","has-post-thumbnail","hentry"],"yoast_head":"<!-- This site is optimized with the Yoast SEO plugin v27.5 - https:\/\/yoast.com\/product\/yoast-seo-wordpress\/ -->\n<title>Sport en trips - Maison Boulvern<\/title>\n<meta name=\"robots\" content=\"index, follow, max-snippet:-1, max-image-preview:large, max-video-preview:-1\" \/>\n<link rel=\"canonical\" href=\"https:\/\/www.maisonboulvern.com\/index.php\/nl\/welkom-bij-maison-boulvern\/activiteiten\/sport-en-trips\/\" \/>\n<meta property=\"og:locale\" content=\"fr_FR\" \/>\n<meta property=\"og:type\" content=\"article\" \/>\n<meta property=\"og:title\" content=\"Sport en trips - Maison Boulvern\" \/>\n<meta property=\"og:description\" content=\"Bretagne biedt met haar weer en kust de perfecte omstandigheden voor wandelen, fietsen en watersporten.&nbsp; RONDOM HET WATER GR34 | diverse afstanden Wandelen is bij uitstek de manier om Bretagne te ervaren. Met haar 1800 kilometer volgt het Douanepad, oftewel, de GR34 de Normandische en Bretonse kust. Vanaf de Mont St Michel tot aan St &hellip; Continue reading &quot;Sport en trips&quot;\" \/>\n<meta property=\"og:url\" content=\"https:\/\/www.maisonboulvern.com\/index.php\/nl\/welkom-bij-maison-boulvern\/activiteiten\/sport-en-trips\/\" \/>\n<meta property=\"og:site_name\" content=\"Maison Boulvern\" \/>\n<meta property=\"article:modified_time\" content=\"2019-05-10T13:22:11+00:00\" \/>\n<meta property=\"og:image\" content=\"https:\/\/www.maisonboulvern.com\/wp-content\/uploads\/2018\/07\/Activit\u00e9s_Charavoile_2000x1065.jpg\" \/>\n\t<meta property=\"og:image:width\" content=\"2000\" \/>\n\t<meta property=\"og:image:height\" content=\"1065\" \/>\n\t<meta property=\"og:image:type\" content=\"image\/jpeg\" \/>\n<meta name=\"twitter:card\" content=\"summary_large_image\" \/>\n<meta name=\"twitter:label1\" content=\"Dur\u00e9e de lecture estim\u00e9e\" \/>\n\t<meta name=\"twitter:data1\" content=\"2 minutes\" \/>\n<script type=\"application\/ld+json\" class=\"yoast-schema-graph\">{\"@context\":\"https:\\\/\\\/schema.org\",\"@graph\":[{\"@type\":\"WebPage\",\"@id\":\"https:\\\/\\\/www.maisonboulvern.com\\\/index.php\\\/nl\\\/welkom-bij-maison-boulvern\\\/activiteiten\\\/sport-en-trips\\\/\",\"url\":\"https:\\\/\\\/www.maisonboulvern.com\\\/index.php\\\/nl\\\/welkom-bij-maison-boulvern\\\/activiteiten\\\/sport-en-trips\\\/\",\"name\":\"Sport en trips - Maison Boulvern\",\"isPartOf\":{\"@id\":\"https:\\\/\\\/www.maisonboulvern.com\\\/#website\"},\"primaryImageOfPage\":{\"@id\":\"https:\\\/\\\/www.maisonboulvern.com\\\/index.php\\\/nl\\\/welkom-bij-maison-boulvern\\\/activiteiten\\\/sport-en-trips\\\/#primaryimage\"},\"image\":{\"@id\":\"https:\\\/\\\/www.maisonboulvern.com\\\/index.php\\\/nl\\\/welkom-bij-maison-boulvern\\\/activiteiten\\\/sport-en-trips\\\/#primaryimage\"},\"thumbnailUrl\":\"https:\\\/\\\/www.maisonboulvern.com\\\/wp-content\\\/uploads\\\/2018\\\/07\\\/Activit\u00e9s_Charavoile_2000x1065.jpg\",\"datePublished\":\"2019-05-09T12:22:33+00:00\",\"dateModified\":\"2019-05-10T13:22:11+00:00\",\"breadcrumb\":{\"@id\":\"https:\\\/\\\/www.maisonboulvern.com\\\/index.php\\\/nl\\\/welkom-bij-maison-boulvern\\\/activiteiten\\\/sport-en-trips\\\/#breadcrumb\"},\"inLanguage\":\"fr-FR\",\"potentialAction\":[{\"@type\":\"ReadAction\",\"target\":[\"https:\\\/\\\/www.maisonboulvern.com\\\/index.php\\\/nl\\\/welkom-bij-maison-boulvern\\\/activiteiten\\\/sport-en-trips\\\/\"]}]},{\"@type\":\"ImageObject\",\"inLanguage\":\"fr-FR\",\"@id\":\"https:\\\/\\\/www.maisonboulvern.com\\\/index.php\\\/nl\\\/welkom-bij-maison-boulvern\\\/activiteiten\\\/sport-en-trips\\\/#primaryimage\",\"url\":\"https:\\\/\\\/www.maisonboulvern.com\\\/wp-content\\\/uploads\\\/2018\\\/07\\\/Activit\u00e9s_Charavoile_2000x1065.jpg\",\"contentUrl\":\"https:\\\/\\\/www.maisonboulvern.com\\\/wp-content\\\/uploads\\\/2018\\\/07\\\/Activit\u00e9s_Charavoile_2000x1065.jpg\",\"width\":2000,\"height\":1065},{\"@type\":\"BreadcrumbList\",\"@id\":\"https:\\\/\\\/www.maisonboulvern.com\\\/index.php\\\/nl\\\/welkom-bij-maison-boulvern\\\/activiteiten\\\/sport-en-trips\\\/#breadcrumb\",\"itemListElement\":[{\"@type\":\"ListItem\",\"position\":1,\"name\":\"Accueil\",\"item\":\"https:\\\/\\\/www.maisonboulvern.com\\\/index.php\\\/fr\\\/\"},{\"@type\":\"ListItem\",\"position\":2,\"name\":\"Welkom bij Maison Boulvern\",\"item\":\"https:\\\/\\\/www.maisonboulvern.com\\\/index.php\\\/nl\\\/\"},{\"@type\":\"ListItem\",\"position\":3,\"name\":\"Activiteiten\",\"item\":\"https:\\\/\\\/www.maisonboulvern.com\\\/index.php\\\/nl\\\/welkom-bij-maison-boulvern\\\/activiteiten\\\/\"},{\"@type\":\"ListItem\",\"position\":4,\"name\":\"Sport en trips\"}]},{\"@type\":\"WebSite\",\"@id\":\"https:\\\/\\\/www.maisonboulvern.com\\\/#website\",\"url\":\"https:\\\/\\\/www.maisonboulvern.com\\\/\",\"name\":\"Maison Boulvern\",\"description\":\"Chambres d&#039;h\u00f4tes de charme au c\u0153ur du Finist\u00e8re\",\"publisher\":{\"@id\":\"https:\\\/\\\/www.maisonboulvern.com\\\/#organization\"},\"potentialAction\":[{\"@type\":\"SearchAction\",\"target\":{\"@type\":\"EntryPoint\",\"urlTemplate\":\"https:\\\/\\\/www.maisonboulvern.com\\\/?s={search_term_string}\"},\"query-input\":{\"@type\":\"PropertyValueSpecification\",\"valueRequired\":true,\"valueName\":\"search_term_string\"}}],\"inLanguage\":\"fr-FR\"},{\"@type\":\"Organization\",\"@id\":\"https:\\\/\\\/www.maisonboulvern.com\\\/#organization\",\"name\":\"Maison Boulvern\",\"url\":\"https:\\\/\\\/www.maisonboulvern.com\\\/\",\"logo\":{\"@type\":\"ImageObject\",\"inLanguage\":\"fr-FR\",\"@id\":\"https:\\\/\\\/www.maisonboulvern.com\\\/#\\\/schema\\\/logo\\\/image\\\/\",\"url\":\"https:\\\/\\\/www.maisonboulvern.com\\\/wp-content\\\/uploads\\\/2020\\\/06\\\/Icone_512x512.jpg\",\"contentUrl\":\"https:\\\/\\\/www.maisonboulvern.com\\\/wp-content\\\/uploads\\\/2020\\\/06\\\/Icone_512x512.jpg\",\"width\":2135,\"height\":2135,\"caption\":\"Maison Boulvern\"},\"image\":{\"@id\":\"https:\\\/\\\/www.maisonboulvern.com\\\/#\\\/schema\\\/logo\\\/image\\\/\"}}]}<\/script>\n<!-- \/ Yoast SEO plugin. -->","yoast_head_json":{"title":"Sport en trips - Maison Boulvern","robots":{"index":"index","follow":"follow","max-snippet":"max-snippet:-1","max-image-preview":"max-image-preview:large","max-video-preview":"max-video-preview:-1"},"canonical":"https:\/\/www.maisonboulvern.com\/index.php\/nl\/welkom-bij-maison-boulvern\/activiteiten\/sport-en-trips\/","og_locale":"fr_FR","og_type":"article","og_title":"Sport en trips - Maison Boulvern","og_description":"Bretagne biedt met haar weer en kust de perfecte omstandigheden voor wandelen, fietsen en watersporten.&nbsp; RONDOM HET WATER GR34 | diverse afstanden Wandelen is bij uitstek de manier om Bretagne te ervaren. Met haar 1800 kilometer volgt het Douanepad, oftewel, de GR34 de Normandische en Bretonse kust. Vanaf de Mont St Michel tot aan St &hellip; Continue reading \"Sport en trips\"","og_url":"https:\/\/www.maisonboulvern.com\/index.php\/nl\/welkom-bij-maison-boulvern\/activiteiten\/sport-en-trips\/","og_site_name":"Maison Boulvern","article_modified_time":"2019-05-10T13:22:11+00:00","og_image":[{"width":2000,"height":1065,"url":"https:\/\/www.maisonboulvern.com\/wp-content\/uploads\/2018\/07\/Activit\u00e9s_Charavoile_2000x1065.jpg","type":"image\/jpeg"}],"twitter_card":"summary_large_image","twitter_misc":{"Dur\u00e9e de lecture estim\u00e9e":"2 minutes"},"schema":{"@context":"https:\/\/schema.org","@graph":[{"@type":"WebPage","@id":"https:\/\/www.maisonboulvern.com\/index.php\/nl\/welkom-bij-maison-boulvern\/activiteiten\/sport-en-trips\/","url":"https:\/\/www.maisonboulvern.com\/index.php\/nl\/welkom-bij-maison-boulvern\/activiteiten\/sport-en-trips\/","name":"Sport en trips - Maison Boulvern","isPartOf":{"@id":"https:\/\/www.maisonboulvern.com\/#website"},"primaryImageOfPage":{"@id":"https:\/\/www.maisonboulvern.com\/index.php\/nl\/welkom-bij-maison-boulvern\/activiteiten\/sport-en-trips\/#primaryimage"},"image":{"@id":"https:\/\/www.maisonboulvern.com\/index.php\/nl\/welkom-bij-maison-boulvern\/activiteiten\/sport-en-trips\/#primaryimage"},"thumbnailUrl":"https:\/\/www.maisonboulvern.com\/wp-content\/uploads\/2018\/07\/Activit\u00e9s_Charavoile_2000x1065.jpg","datePublished":"2019-05-09T12:22:33+00:00","dateModified":"2019-05-10T13:22:11+00:00","breadcrumb":{"@id":"https:\/\/www.maisonboulvern.com\/index.php\/nl\/welkom-bij-maison-boulvern\/activiteiten\/sport-en-trips\/#breadcrumb"},"inLanguage":"fr-FR","potentialAction":[{"@type":"ReadAction","target":["https:\/\/www.maisonboulvern.com\/index.php\/nl\/welkom-bij-maison-boulvern\/activiteiten\/sport-en-trips\/"]}]},{"@type":"ImageObject","inLanguage":"fr-FR","@id":"https:\/\/www.maisonboulvern.com\/index.php\/nl\/welkom-bij-maison-boulvern\/activiteiten\/sport-en-trips\/#primaryimage","url":"https:\/\/www.maisonboulvern.com\/wp-content\/uploads\/2018\/07\/Activit\u00e9s_Charavoile_2000x1065.jpg","contentUrl":"https:\/\/www.maisonboulvern.com\/wp-content\/uploads\/2018\/07\/Activit\u00e9s_Charavoile_2000x1065.jpg","width":2000,"height":1065},{"@type":"BreadcrumbList","@id":"https:\/\/www.maisonboulvern.com\/index.php\/nl\/welkom-bij-maison-boulvern\/activiteiten\/sport-en-trips\/#breadcrumb","itemListElement":[{"@type":"ListItem","position":1,"name":"Accueil","item":"https:\/\/www.maisonboulvern.com\/index.php\/fr\/"},{"@type":"ListItem","position":2,"name":"Welkom bij Maison Boulvern","item":"https:\/\/www.maisonboulvern.com\/index.php\/nl\/"},{"@type":"ListItem","position":3,"name":"Activiteiten","item":"https:\/\/www.maisonboulvern.com\/index.php\/nl\/welkom-bij-maison-boulvern\/activiteiten\/"},{"@type":"ListItem","position":4,"name":"Sport en trips"}]},{"@type":"WebSite","@id":"https:\/\/www.maisonboulvern.com\/#website","url":"https:\/\/www.maisonboulvern.com\/","name":"Maison Boulvern","description":"Chambres d&#039;h\u00f4tes de charme au c\u0153ur du Finist\u00e8re","publisher":{"@id":"https:\/\/www.maisonboulvern.com\/#organization"},"potentialAction":[{"@type":"SearchAction","target":{"@type":"EntryPoint","urlTemplate":"https:\/\/www.maisonboulvern.com\/?s={search_term_string}"},"query-input":{"@type":"PropertyValueSpecification","valueRequired":true,"valueName":"search_term_string"}}],"inLanguage":"fr-FR"},{"@type":"Organization","@id":"https:\/\/www.maisonboulvern.com\/#organization","name":"Maison Boulvern","url":"https:\/\/www.maisonboulvern.com\/","logo":{"@type":"ImageObject","inLanguage":"fr-FR","@id":"https:\/\/www.maisonboulvern.com\/#\/schema\/logo\/image\/","url":"https:\/\/www.maisonboulvern.com\/wp-content\/uploads\/2020\/06\/Icone_512x512.jpg","contentUrl":"https:\/\/www.maisonboulvern.com\/wp-content\/uploads\/2020\/06\/Icone_512x512.jpg","width":2135,"height":2135,"caption":"Maison Boulvern"},"image":{"@id":"https:\/\/www.maisonboulvern.com\/#\/schema\/logo\/image\/"}}]}},"_links":{"self":[{"href":"https:\/\/www.maisonboulvern.com\/index.php\/wp-json\/wp\/v2\/pages\/799","targetHints":{"allow":["GET"]}}],"collection":[{"href":"https:\/\/www.maisonboulvern.com\/index.php\/wp-json\/wp\/v2\/pages"}],"about":[{"href":"https:\/\/www.maisonboulvern.com\/index.php\/wp-json\/wp\/v2\/types\/page"}],"author":[{"embeddable":true,"href":"https:\/\/www.maisonboulvern.com\/index.php\/wp-json\/wp\/v2\/users\/1"}],"replies":[{"embeddable":true,"href":"https:\/\/www.maisonboulvern.com\/index.php\/wp-json\/wp\/v2\/comments?post=799"}],"version-history":[{"count":2,"href":"https:\/\/www.maisonboulvern.com\/index.php\/wp-json\/wp\/v2\/pages\/799\/revisions"}],"predecessor-version":[{"id":888,"href":"https:\/\/www.maisonboulvern.com\/index.php\/wp-json\/wp\/v2\/pages\/799\/revisions\/888"}],"up":[{"embeddable":true,"href":"https:\/\/www.maisonboulvern.com\/index.php\/wp-json\/wp\/v2\/pages\/784"}],"wp:featuredmedia":[{"embeddable":true,"href":"https:\/\/www.maisonboulvern.com\/index.php\/wp-json\/wp\/v2\/media\/474"}],"wp:attachment":[{"href":"https:\/\/www.maisonboulvern.com\/index.php\/wp-json\/wp\/v2\/media?parent=799"}],"curies":[{"name":"wp","href":"https:\/\/api.w.org\/{rel}","templated":true}]}}