{"id":938,"date":"2017-05-16T18:38:29","date_gmt":"2017-05-16T18:38:29","guid":{"rendered":"http:\/\/maisonboulvern.com\/?page_id=938"},"modified":"2020-02-11T13:11:47","modified_gmt":"2020-02-11T12:11:47","slug":"sports-and-tours","status":"publish","type":"page","link":"https:\/\/www.maisonboulvern.com\/index.php\/en\/welcome-at-maison-boulvern\/activities\/sports-and-tours\/","title":{"rendered":"Sports and tours"},"content":{"rendered":"\n<h4 class=\"wp-block-heading\">In, on and around the water, Brittany is the perfect place for water sports.<\/h4>\n\n\n\n<hr class=\"wp-block-separator\"\/>\n\n\n\n<p>Around water:<br>\u00a0<br><em><strong>GR34<\/strong><\/em><br>Walking is the best way to experience Brittany. The GR34, also called the customs path, is a route of 1800 kilometres along the Breton and Norman coast leading from\u00a0<em>Mont St Michel\u00a0<\/em>to\u00a0<em>St Nazaire<\/em>.\u00a0\u00a0Click\u00a0here\u00a0for further information on this route.<br>\u00a0<br><em><strong>Cycle the Tour de Manche and the Velodyssee<\/strong><\/em><br>These cycle tours are the most famous of Brittany. Together they make 1500 kilometres of cycling paths.<br>The Breton part of the\u00a0<em>Tour de Manche\u00a0<\/em>leads from\u00a0<em>Mont St Michel<\/em>\u00a0to\u00a0<em>Roscoff.<\/em>\u00a0This is a quiet and safe track with varying landscapes.\u00a0<br>The\u00a0<em>Velodyssee<\/em>\u00a0leads from\u00a0<em>Roscoff\u00a0<\/em>to\u00a0<em>Nantes\u00a0<\/em>and\u00a0<em>Morlais<\/em>\u00a0and further to the\u00a0<em>Monts d\u2019arree<\/em>.\u00a0<br><em>\u00a0<\/em><br><em><strong>Cycling along de l\u2019Aulne<\/strong><\/em><br>Follow the\u00a0<em>l\u2019Aulne<\/em>\u00a0and pass\u00a0<em>Faou<\/em>, a pretty place. Discover the remnants of the abbey of\u00a0<em>Land\u00e9v\u00e9nec<\/em>, the bridge of\u00a0<em>T\u00e9r\u00e9nez<\/em>, historic villages in the\u00a0<em>Argol<\/em>,\u00a0<em>Tregarvan<\/em>\u00a0and\u00a0<em>Dineault<\/em>\u00a0and reach\u00a0<em>Port Launey<\/em>\u00a0where the channel\u00a0<em>Nantes \u2013 Brest\u00a0<\/em>ends.<br>Download here the pdf for more information.<br>Of course\u00a0\u00a0there are more routes to cycle. Click here for all routes.<br>\u00a0<br><em><strong>Beach sailing<\/strong><\/em><br>On the beaches of\u00a0<em>Saint Anne-la-Palud\u00a0<\/em>and\u00a0<em>Pentrez<\/em>\u00a0you can learn beach sailing. There are introductory lessons as well as courses of several days. For bookings or more information go to\u00a0<a href=\"http:\/\/www.charavoile29.com\/\">www.charavoile29.com<\/a>\u00a0and\u00a0<a href=\"http:\/\/www.naturabay-hd.com\/\">http:\/\/www.naturabay-hd.com<\/a><br>\u00a0<br>On the water:<br>\u00a0<br><em><strong>Kervel<\/strong><\/em><br>The beach of\u00a0<em>Kervel<\/em>\u00a0\u00a0near\u00a0<em>Douarnenez<\/em>\u00a0is the best place to surf, paddle, kayaking or body-boarding. You can rent equipment and do courses.\u00a0<a href=\"http:\/\/www.naturabay-hd.com\/\">http:\/\/www.naturabay-hd.com<\/a><br>\u00a0<br><em><strong>River<\/strong><\/em><br>You can kayak on the river from\u00a0<em>Ch\u00e2teaulin<\/em>\u00a0via the\u00a0<em>l\u2019Aulne<\/em>\u00a0to the channel of\u00a0<em>Nantes-Brest<\/em>. You might see salmons. For more information:\u00a0<em>Aulne Cano\u00eb Kayak \u00e0 Ch\u00e2teaulin.<\/em><br>\u00a0<br><em><strong>In the air<\/strong><\/em><br>Would you like to learn paragliding? You can. For example from the\u00a0<em>Menez-Hom<\/em>, the highest mountain in Brittany. It is not only a fantastic experience to be in the air, but it is also an opportunity to see the surroundings from above. For more information or bookings:\u00a0<a href=\"https:\/\/vol-libre-menez-hom.com\/\">https:\/\/vol-libre-menez-hom.com<\/a><\/p>\n","protected":false},"excerpt":{"rendered":"<p>In, on and around the water, Brittany is the perfect place for water sports. Around water:\u00a0GR34Walking is the best way to experience Brittany. The GR34, also called the customs path, is a route of 1800 kilometres along the Breton and Norman coast leading from\u00a0Mont St Michel\u00a0to\u00a0St Nazaire.\u00a0\u00a0Click\u00a0here\u00a0for further information on this route.\u00a0Cycle the Tour de &hellip; <a href=\"https:\/\/www.maisonboulvern.com\/index.php\/en\/welcome-at-maison-boulvern\/activities\/sports-and-tours\/\" class=\"more-link\">Continue reading<span class=\"screen-reader-text\"> \u00ab\u00a0Sports and tours\u00a0\u00bb<\/span><\/a><\/p>\n","protected":false},"author":1,"featured_media":474,"parent":928,"menu_order":0,"comment_status":"closed","ping_status":"closed","template":"","meta":{"footnotes":""},"class_list":["post-938","page","type-page","status-publish","has-post-thumbnail","hentry"],"yoast_head":"<!-- This site is optimized with the Yoast SEO plugin v27.5 - https:\/\/yoast.com\/product\/yoast-seo-wordpress\/ -->\n<title>Sports and tours - Maison Boulvern<\/title>\n<meta name=\"robots\" content=\"index, follow, max-snippet:-1, max-image-preview:large, max-video-preview:-1\" \/>\n<link rel=\"canonical\" href=\"https:\/\/www.maisonboulvern.com\/index.php\/en\/welcome-at-maison-boulvern\/activities\/sports-and-tours\/\" \/>\n<meta property=\"og:locale\" content=\"fr_FR\" \/>\n<meta property=\"og:type\" content=\"article\" \/>\n<meta property=\"og:title\" content=\"Sports and tours - Maison Boulvern\" \/>\n<meta property=\"og:description\" content=\"In, on and around the water, Brittany is the perfect place for water sports. Around water:\u00a0GR34Walking is the best way to experience Brittany. The GR34, also called the customs path, is a route of 1800 kilometres along the Breton and Norman coast leading from\u00a0Mont St Michel\u00a0to\u00a0St Nazaire.\u00a0\u00a0Click\u00a0here\u00a0for further information on this route.\u00a0Cycle the Tour de &hellip; Continue reading &quot;Sports and tours&quot;\" \/>\n<meta property=\"og:url\" content=\"https:\/\/www.maisonboulvern.com\/index.php\/en\/welcome-at-maison-boulvern\/activities\/sports-and-tours\/\" \/>\n<meta property=\"og:site_name\" content=\"Maison Boulvern\" \/>\n<meta property=\"article:modified_time\" content=\"2020-02-11T12:11:47+00:00\" \/>\n<meta property=\"og:image\" content=\"https:\/\/i0.wp.com\/www.maisonboulvern.com\/wp-content\/uploads\/2018\/07\/Activit%C3%A9s_Charavoile_2000x1065.jpg?fit=2000%2C1065&ssl=1\" \/>\n\t<meta property=\"og:image:width\" content=\"2000\" \/>\n\t<meta property=\"og:image:height\" content=\"1065\" \/>\n\t<meta property=\"og:image:type\" content=\"image\/jpeg\" \/>\n<meta name=\"twitter:card\" content=\"summary_large_image\" \/>\n<meta name=\"twitter:label1\" content=\"Dur\u00e9e de lecture estim\u00e9e\" \/>\n\t<meta name=\"twitter:data1\" content=\"2 minutes\" \/>\n<script type=\"application\/ld+json\" class=\"yoast-schema-graph\">{\"@context\":\"https:\\\/\\\/schema.org\",\"@graph\":[{\"@type\":\"WebPage\",\"@id\":\"https:\\\/\\\/www.maisonboulvern.com\\\/index.php\\\/en\\\/welcome-at-maison-boulvern\\\/activities\\\/sports-and-tours\\\/\",\"url\":\"https:\\\/\\\/www.maisonboulvern.com\\\/index.php\\\/en\\\/welcome-at-maison-boulvern\\\/activities\\\/sports-and-tours\\\/\",\"name\":\"Sports and tours - Maison Boulvern\",\"isPartOf\":{\"@id\":\"https:\\\/\\\/www.maisonboulvern.com\\\/#website\"},\"primaryImageOfPage\":{\"@id\":\"https:\\\/\\\/www.maisonboulvern.com\\\/index.php\\\/en\\\/welcome-at-maison-boulvern\\\/activities\\\/sports-and-tours\\\/#primaryimage\"},\"image\":{\"@id\":\"https:\\\/\\\/www.maisonboulvern.com\\\/index.php\\\/en\\\/welcome-at-maison-boulvern\\\/activities\\\/sports-and-tours\\\/#primaryimage\"},\"thumbnailUrl\":\"https:\\\/\\\/www.maisonboulvern.com\\\/wp-content\\\/uploads\\\/2018\\\/07\\\/Activit\u00e9s_Charavoile_2000x1065.jpg\",\"datePublished\":\"2017-05-16T18:38:29+00:00\",\"dateModified\":\"2020-02-11T12:11:47+00:00\",\"breadcrumb\":{\"@id\":\"https:\\\/\\\/www.maisonboulvern.com\\\/index.php\\\/en\\\/welcome-at-maison-boulvern\\\/activities\\\/sports-and-tours\\\/#breadcrumb\"},\"inLanguage\":\"fr-FR\",\"potentialAction\":[{\"@type\":\"ReadAction\",\"target\":[\"https:\\\/\\\/www.maisonboulvern.com\\\/index.php\\\/en\\\/welcome-at-maison-boulvern\\\/activities\\\/sports-and-tours\\\/\"]}]},{\"@type\":\"ImageObject\",\"inLanguage\":\"fr-FR\",\"@id\":\"https:\\\/\\\/www.maisonboulvern.com\\\/index.php\\\/en\\\/welcome-at-maison-boulvern\\\/activities\\\/sports-and-tours\\\/#primaryimage\",\"url\":\"https:\\\/\\\/www.maisonboulvern.com\\\/wp-content\\\/uploads\\\/2018\\\/07\\\/Activit\u00e9s_Charavoile_2000x1065.jpg\",\"contentUrl\":\"https:\\\/\\\/www.maisonboulvern.com\\\/wp-content\\\/uploads\\\/2018\\\/07\\\/Activit\u00e9s_Charavoile_2000x1065.jpg\",\"width\":2000,\"height\":1065},{\"@type\":\"BreadcrumbList\",\"@id\":\"https:\\\/\\\/www.maisonboulvern.com\\\/index.php\\\/en\\\/welcome-at-maison-boulvern\\\/activities\\\/sports-and-tours\\\/#breadcrumb\",\"itemListElement\":[{\"@type\":\"ListItem\",\"position\":1,\"name\":\"Accueil\",\"item\":\"https:\\\/\\\/www.maisonboulvern.com\\\/index.php\\\/fr\\\/\"},{\"@type\":\"ListItem\",\"position\":2,\"name\":\"Welcome at Maison Boulvern\",\"item\":\"https:\\\/\\\/www.maisonboulvern.com\\\/index.php\\\/en\\\/\"},{\"@type\":\"ListItem\",\"position\":3,\"name\":\"Activities\",\"item\":\"https:\\\/\\\/www.maisonboulvern.com\\\/index.php\\\/en\\\/welcome-at-maison-boulvern\\\/activities\\\/\"},{\"@type\":\"ListItem\",\"position\":4,\"name\":\"Sports and tours\"}]},{\"@type\":\"WebSite\",\"@id\":\"https:\\\/\\\/www.maisonboulvern.com\\\/#website\",\"url\":\"https:\\\/\\\/www.maisonboulvern.com\\\/\",\"name\":\"Maison Boulvern\",\"description\":\"Chambres d&#039;h\u00f4tes de charme au c\u0153ur du Finist\u00e8re\",\"publisher\":{\"@id\":\"https:\\\/\\\/www.maisonboulvern.com\\\/#organization\"},\"potentialAction\":[{\"@type\":\"SearchAction\",\"target\":{\"@type\":\"EntryPoint\",\"urlTemplate\":\"https:\\\/\\\/www.maisonboulvern.com\\\/?s={search_term_string}\"},\"query-input\":{\"@type\":\"PropertyValueSpecification\",\"valueRequired\":true,\"valueName\":\"search_term_string\"}}],\"inLanguage\":\"fr-FR\"},{\"@type\":\"Organization\",\"@id\":\"https:\\\/\\\/www.maisonboulvern.com\\\/#organization\",\"name\":\"Maison Boulvern\",\"url\":\"https:\\\/\\\/www.maisonboulvern.com\\\/\",\"logo\":{\"@type\":\"ImageObject\",\"inLanguage\":\"fr-FR\",\"@id\":\"https:\\\/\\\/www.maisonboulvern.com\\\/#\\\/schema\\\/logo\\\/image\\\/\",\"url\":\"https:\\\/\\\/www.maisonboulvern.com\\\/wp-content\\\/uploads\\\/2020\\\/06\\\/Icone_512x512.jpg\",\"contentUrl\":\"https:\\\/\\\/www.maisonboulvern.com\\\/wp-content\\\/uploads\\\/2020\\\/06\\\/Icone_512x512.jpg\",\"width\":2135,\"height\":2135,\"caption\":\"Maison Boulvern\"},\"image\":{\"@id\":\"https:\\\/\\\/www.maisonboulvern.com\\\/#\\\/schema\\\/logo\\\/image\\\/\"}}]}<\/script>\n<!-- \/ Yoast SEO plugin. -->","yoast_head_json":{"title":"Sports and tours - Maison Boulvern","robots":{"index":"index","follow":"follow","max-snippet":"max-snippet:-1","max-image-preview":"max-image-preview:large","max-video-preview":"max-video-preview:-1"},"canonical":"https:\/\/www.maisonboulvern.com\/index.php\/en\/welcome-at-maison-boulvern\/activities\/sports-and-tours\/","og_locale":"fr_FR","og_type":"article","og_title":"Sports and tours - Maison Boulvern","og_description":"In, on and around the water, Brittany is the perfect place for water sports. Around water:\u00a0GR34Walking is the best way to experience Brittany. The GR34, also called the customs path, is a route of 1800 kilometres along the Breton and Norman coast leading from\u00a0Mont St Michel\u00a0to\u00a0St Nazaire.\u00a0\u00a0Click\u00a0here\u00a0for further information on this route.\u00a0Cycle the Tour de &hellip; Continue reading \"Sports and tours\"","og_url":"https:\/\/www.maisonboulvern.com\/index.php\/en\/welcome-at-maison-boulvern\/activities\/sports-and-tours\/","og_site_name":"Maison Boulvern","article_modified_time":"2020-02-11T12:11:47+00:00","og_image":[{"width":2000,"height":1065,"url":"https:\/\/i0.wp.com\/www.maisonboulvern.com\/wp-content\/uploads\/2018\/07\/Activit%C3%A9s_Charavoile_2000x1065.jpg?fit=2000%2C1065&ssl=1","type":"image\/jpeg"}],"twitter_card":"summary_large_image","twitter_misc":{"Dur\u00e9e de lecture estim\u00e9e":"2 minutes"},"schema":{"@context":"https:\/\/schema.org","@graph":[{"@type":"WebPage","@id":"https:\/\/www.maisonboulvern.com\/index.php\/en\/welcome-at-maison-boulvern\/activities\/sports-and-tours\/","url":"https:\/\/www.maisonboulvern.com\/index.php\/en\/welcome-at-maison-boulvern\/activities\/sports-and-tours\/","name":"Sports and tours - Maison Boulvern","isPartOf":{"@id":"https:\/\/www.maisonboulvern.com\/#website"},"primaryImageOfPage":{"@id":"https:\/\/www.maisonboulvern.com\/index.php\/en\/welcome-at-maison-boulvern\/activities\/sports-and-tours\/#primaryimage"},"image":{"@id":"https:\/\/www.maisonboulvern.com\/index.php\/en\/welcome-at-maison-boulvern\/activities\/sports-and-tours\/#primaryimage"},"thumbnailUrl":"https:\/\/www.maisonboulvern.com\/wp-content\/uploads\/2018\/07\/Activit\u00e9s_Charavoile_2000x1065.jpg","datePublished":"2017-05-16T18:38:29+00:00","dateModified":"2020-02-11T12:11:47+00:00","breadcrumb":{"@id":"https:\/\/www.maisonboulvern.com\/index.php\/en\/welcome-at-maison-boulvern\/activities\/sports-and-tours\/#breadcrumb"},"inLanguage":"fr-FR","potentialAction":[{"@type":"ReadAction","target":["https:\/\/www.maisonboulvern.com\/index.php\/en\/welcome-at-maison-boulvern\/activities\/sports-and-tours\/"]}]},{"@type":"ImageObject","inLanguage":"fr-FR","@id":"https:\/\/www.maisonboulvern.com\/index.php\/en\/welcome-at-maison-boulvern\/activities\/sports-and-tours\/#primaryimage","url":"https:\/\/www.maisonboulvern.com\/wp-content\/uploads\/2018\/07\/Activit\u00e9s_Charavoile_2000x1065.jpg","contentUrl":"https:\/\/www.maisonboulvern.com\/wp-content\/uploads\/2018\/07\/Activit\u00e9s_Charavoile_2000x1065.jpg","width":2000,"height":1065},{"@type":"BreadcrumbList","@id":"https:\/\/www.maisonboulvern.com\/index.php\/en\/welcome-at-maison-boulvern\/activities\/sports-and-tours\/#breadcrumb","itemListElement":[{"@type":"ListItem","position":1,"name":"Accueil","item":"https:\/\/www.maisonboulvern.com\/index.php\/fr\/"},{"@type":"ListItem","position":2,"name":"Welcome at Maison Boulvern","item":"https:\/\/www.maisonboulvern.com\/index.php\/en\/"},{"@type":"ListItem","position":3,"name":"Activities","item":"https:\/\/www.maisonboulvern.com\/index.php\/en\/welcome-at-maison-boulvern\/activities\/"},{"@type":"ListItem","position":4,"name":"Sports and tours"}]},{"@type":"WebSite","@id":"https:\/\/www.maisonboulvern.com\/#website","url":"https:\/\/www.maisonboulvern.com\/","name":"Maison Boulvern","description":"Chambres d&#039;h\u00f4tes de charme au c\u0153ur du Finist\u00e8re","publisher":{"@id":"https:\/\/www.maisonboulvern.com\/#organization"},"potentialAction":[{"@type":"SearchAction","target":{"@type":"EntryPoint","urlTemplate":"https:\/\/www.maisonboulvern.com\/?s={search_term_string}"},"query-input":{"@type":"PropertyValueSpecification","valueRequired":true,"valueName":"search_term_string"}}],"inLanguage":"fr-FR"},{"@type":"Organization","@id":"https:\/\/www.maisonboulvern.com\/#organization","name":"Maison Boulvern","url":"https:\/\/www.maisonboulvern.com\/","logo":{"@type":"ImageObject","inLanguage":"fr-FR","@id":"https:\/\/www.maisonboulvern.com\/#\/schema\/logo\/image\/","url":"https:\/\/www.maisonboulvern.com\/wp-content\/uploads\/2020\/06\/Icone_512x512.jpg","contentUrl":"https:\/\/www.maisonboulvern.com\/wp-content\/uploads\/2020\/06\/Icone_512x512.jpg","width":2135,"height":2135,"caption":"Maison Boulvern"},"image":{"@id":"https:\/\/www.maisonboulvern.com\/#\/schema\/logo\/image\/"}}]}},"_links":{"self":[{"href":"https:\/\/www.maisonboulvern.com\/index.php\/wp-json\/wp\/v2\/pages\/938","targetHints":{"allow":["GET"]}}],"collection":[{"href":"https:\/\/www.maisonboulvern.com\/index.php\/wp-json\/wp\/v2\/pages"}],"about":[{"href":"https:\/\/www.maisonboulvern.com\/index.php\/wp-json\/wp\/v2\/types\/page"}],"author":[{"embeddable":true,"href":"https:\/\/www.maisonboulvern.com\/index.php\/wp-json\/wp\/v2\/users\/1"}],"replies":[{"embeddable":true,"href":"https:\/\/www.maisonboulvern.com\/index.php\/wp-json\/wp\/v2\/comments?post=938"}],"version-history":[{"count":4,"href":"https:\/\/www.maisonboulvern.com\/index.php\/wp-json\/wp\/v2\/pages\/938\/revisions"}],"predecessor-version":[{"id":1222,"href":"https:\/\/www.maisonboulvern.com\/index.php\/wp-json\/wp\/v2\/pages\/938\/revisions\/1222"}],"up":[{"embeddable":true,"href":"https:\/\/www.maisonboulvern.com\/index.php\/wp-json\/wp\/v2\/pages\/928"}],"wp:featuredmedia":[{"embeddable":true,"href":"https:\/\/www.maisonboulvern.com\/index.php\/wp-json\/wp\/v2\/media\/474"}],"wp:attachment":[{"href":"https:\/\/www.maisonboulvern.com\/index.php\/wp-json\/wp\/v2\/media?parent=938"}],"curies":[{"name":"wp","href":"https:\/\/api.w.org\/{rel}","templated":true}]}}